 = -0*q + 3. Let v = -3 - i. Calculate the highest common factor of 6 and v.
2
Let n = 5 + 7. Let i = 21 - n. Calculate the highest common divisor of 63 and i.
9
Suppose 0 = 9*k - 4*k - 50. Suppose 3*l - 3 = 3. Suppose 0 = -4*z - l*v + 19 + 9, -16 = -4*v. Calculate the highest common divisor of z and k.
5
Suppose 25 + 26 = 3*n. Let k be (-2)/4 - (-239)/2. What is the highest common divisor of n and k?
17
Let k be (-1 - -1)/2 - 3. Let p(w) = -w**2 - 4*w + 1. Let t be p(k). Let j = 11 - t. What is the greatest common divisor of j and 1?
1
Suppose -4*j = -3*j - 4. Suppose 4*g - 44 = -j*p, 4*p - 40 - 13 = -5*g. Calculate the highest common factor of 3 and g.
3
Let f be 13 - (1 + -2 + 3). Suppose -3*v + 19 = -w, -3*w + w = -10. Suppose 13*i = v*i + 495. Calculate the highest common factor of i and f.
11
Let v(k) = -5*k + 2. Let b be (-8)/28 - (-33)/(-7). Let g(z) = z**2 + 8*z + 7. Let d be g(b). Let x be v(d). What is the highest common divisor of x and 14?
14
Suppose -2*s + 4 = 2*p - 4, -3*p + 5*s + 4 = 0. What is the greatest common divisor of 27 and p?
3
Let c = -4 - -8. Suppose 0 = p - 4. What is the greatest common divisor of p and c?
4
Let o = 175 + -107. What is the greatest common factor of 170 and o?
34
Suppose -1 = 2*z - 0*z - 5*x, -2*z + x = -11. Let q = z + -5. What is the greatest common factor of 14 and q?
2
Suppose -3*o - 2*y = -0*o - 570, -2*y - 760 = -4*o. Calculate the highest common factor of 19 and o.
19
Let w be (2 - 498/(-21))/((-1)/(-7)). What is the highest common divisor of w and 72?
36
Let q = 589 - 241. Suppose -2*w = -2*o + q, 5*o - w - 874 = 2*w. Calculate the highest common divisor of o and 16.
16
Suppose -5*a - 5 = 0, -3*u - u + 2*a + 6 = 0. Calculate the greatest common divisor of u and 8.
1
Let q(y) = -y - 7. Let c be q(-4). Let t = c + 2. Let s be t/3 - (-241)/3. What is the highest common factor of s and 10?
10
Let i be 1/(1 - 2 - -2). Let k = 4 - i. Calculate the highest common factor of k and 15.
3
Let q = 21 - 15. Suppose -4*i = -i - q. What is the highest common factor of 5 and i?
1
Suppose 0 = -0*d + 4*d - 52. Let a = d - 1. Let q be ((-9)/4)/((-1)/a). What is the highest common divisor of 18 and q?
9
Suppose -2*o + 3 = -5. Let q = 8 - -8. Suppose -3*j + q = j. What is the highest common factor of j and o?
4
Let j(r) = 23*r**2 - r. Let k be j(1). What is the highest common factor of 242 and k?
22
Suppose 0*o = 3*o - 30. Calculate the greatest common factor of 180 and o.
10
Suppose -5*i + 4 = -16. Let s = 28 + -8. What is the highest common factor of s and i?
4
Let r = 117 - 67. What is the greatest common factor of 20 and r?
10
Let v(n) = n**3 - n**2 - n + 2. Let k be v(2). Let s = -10 + 22. Calculate the highest common divisor of k and s.
4
Suppose -32*h + 33*h = 48. Let p(y) = 5*y - 1. Let x be p(3). Suppose 5*s - 44 = -x. Calculate the greatest common divisor of h and s.
6
Suppose -4*o - s + 44 = 0, -7*o - 3*s + 44 = -3*o. Suppose -o*h + 15*h = 336. Let j = -31 + 43. Calculate the highest common divisor of h and j.
12
Suppose -6 = h + 13. Let j = h + 35. What is the greatest common factor of 144 and j?
16
Let b(g) = g**2 + 4*g - 55. Let u be b(-10). Calculate the highest common factor of 10 and u.
5
Let m be (99/(-15))/(2/10). Let g = 8 + m. Let j be (-212)/(-10) + 5/g. Calculate the greatest common factor of 231 and j.
21
Suppose 659 - 98 = 3*u. Let q(n) = n**2 - 5*n - 19. Let w be q(9). What is the highest common divisor of u and w?
17
Let b be 22/(60/(-33) - -2). What is the highest common divisor of b and 22?
11
Suppose -3*r + 4*r = 5. Suppose -2*n + 60 = n. Calculate the highest common factor of r and n.
5
Suppose 2*h = -2 - 0. Let n = h + 11. Calculate the greatest common factor of 80 and n.
10
Suppose 5*v - 69 - 26 = 0. Let s be (-2)/(((-6)/11)/3). Let l = v - s. Calculate the greatest common divisor of 8 and l.
8
Suppose 4*y - 3*z = -5, -3*z + 2 = -y - 2*z. Let t(i) = 5*i**3 + 2*i**2 - 2*i + 1. Let l be t(y). Calculate the highest common factor of 18 and l.
6
Let p = 65 - 40. Let f be (18/(-5))/((-6)/40). Suppose 6 + f = 6*g. What is the greatest common factor of g and p?
5
Suppose -4*p = 3*o - 150 + 2, 238 = 5*o - 2*p. Suppose -2*z = -4*z + 64. Calculate the highest common factor of o and z.
16
Suppose 2*u - 62 = 34. Let m = u - 18. Suppose -2 - 4 = -2*d. Calculate the greatest common divisor of m and d.
3
Let n = -22 + 36. Calculate the greatest common factor of 2 and n.
2
Let a(y) = -2*y - 3*y + y**2 + 4*y - 1 + 3. Let q be a(4). What is the greatest common divisor of q and 2?
2
Let k = 2 + -2. Suppose -f = -k*f - 8. Let i be f/6*225/6. What is the highest common divisor of 10 and i?
10
Suppose 81 + 205 = j. Let s be ((-1)/2)/((-1)/j). Calculate the greatest common factor of s and 13.
13
Suppose 0*g + 12 = 2*g. Suppose -5*v = -0*v - 90. Calculate the greatest common factor of g and v.
6
Let s(k) = 3*k**2 + 2 - 3*k**2 - k**2 + 6*k. Let o be s(6). Suppose -o*g = -4*g + 24. Calculate the greatest common factor of 48 and g.
12
Let s(u) = -u**3 - 4*u**2 - 3*u - 1. Let b be 19/(-7) - (-18)/(-63). Let f be s(b). Let h be (2/(-6))/(f/117). What is the greatest common divisor of 13 and h?
13
Let p = 66 + 14. What is the greatest common divisor of p and 10?
10
Let w = 64 - -16. Let u(z) = z - 1. Let n be u(6). Suppose -x - x = -j - 20, 4*x = n*j + 40. Calculate the greatest common divisor of w and x.
10
Let h be (-550)/(-26) - (-14)/(-91). Suppose 2*t - 19 = h. Let f be (-2)/8 + (-2805)/(-20). What is the highest common factor of f and t?
20
Suppose 0 = x - 6 - 4. What is the greatest common divisor of 50 and x?
10
Suppose 1696 = 5*y + 621. Suppose -5*k = -60 - y. What is the greatest common divisor of 22 and k?
11
Suppose -2*q - k = -0*k - 147, 142 = 2*q + 2*k. What is the greatest common divisor of q and 114?
38
Let n be (-1)/(6 - 2) + 30/24. Suppose 0*o + 24 = 3*o. Calculate the highest common factor of n and o.
1
Suppose -z + 19 = 5*h - 18, 2*h = 5*z + 4. Let a = -60 + 88. Suppose -b = b - a. What is the greatest common factor of b and h?
7
Let o = -20 - -50. What is the highest common factor of o and 150?
30
Suppose -d - d + r = 0, 5*d = -2*r + 18. What is the greatest common factor of 8 and d?
2
Let h = -72 + 108. Suppose -3*v - 34 = 32. Let k = v - -34. What is the highest common factor of h and k?
12
Let o be (36/(-5) + -2)*-5. What is the highest common factor of 115 and o?
23
Suppose 27 = 3*k - 39. What is the greatest common divisor of k and 176?
22
Suppose 2*o = -3*o + 35. Suppose 0 = o*v - 2*v - 25. Suppose -3*z + 22 = -v*n + 4, -4*z - 3*n + 53 = 0. What is the highest common factor of z and 44?
11
Let h(v) = v + 11. Suppose y + 5*x = -y + 23, 41 = 5*y - 4*x. Let k be h(y). What is the highest common factor of 20 and k?
20
Let n = -7 - -6. Let d = 4 + n. Calculate the greatest common divisor of 24 and d.
3
Let q(o) be the second derivative of -o**4/6 + 5*o**3/3 - 3*o**2 - 2*o. Let f be q(10). Let n be -3*f/3 + -2. Calculate the greatest common factor of n and 13.
13
Let y be ((-24)/(-30))/((-4)/(-50)). Calculate the highest common factor of y and 4.
2
Let v(k) = -2*k - 5. Let m be v(-7). Let u = 12 - m. What is the greatest common factor of 18 and u?
3
Let b(g) = g**2 - g + 2. Let s be b(3). Let m(o) = o**2 + 3*o + 10. Let w be m(7). Calculate the greatest common divisor of w and s.
8
Let t(f) = -f**2 + 6*f + 14. Let w be t(6). Calculate the highest common factor of 42 and w.
14
Let x = 8 + -5. Let j be (-6)/(-21) + (-122)/(-14). Let u = x + j. Calculate the highest common factor of 6 and u.
6
Suppose 4*d = 5*d + 106. Let o = 172 + d. What is the greatest common factor of o and 22?
22
Suppose 0 = -4*n - r + 28, 0*n = n + 4*r - 7. Calculate the greatest common factor of 14 and n.
7
Suppose -2*z + w + 22 + 27 = 0, 75 = 3*z - w. Suppose 0 = -u + 4 + z. Suppose 0 = -5*r - 0*r + 225. What is the highest common factor of r and u?
15
Let l be 63/(((-2)/1)/(-2)). Calculate the highest common factor of 21 and l.
21
Suppose -g = -5*y - 5*g + 230, -5*y = g - 215. Calculate the highest common factor of 63 and y.
21
Let z be (27 - 0)*3 - -2. Let b = 139 - z. Calculate the highest common divisor of 28 and b.
28
Let x(d) = d**2 - d - 2. Suppose 4*c - 5 - 3 = i, 3*c = 3. Let v be x(i). What is the highe